0
What is the hundreds digit of 63008547?
5
What is the hundred millions digit of 686331121?
6
What is the ten thousands digit of 66462372?
6
What is the units digit of 467626706?
6
What is the units digit of 66749584?
4
What is the hundreds digit of 1000203193?
1
What is the hundreds digit of 453045850?
8
What is the hundred millions digit of 112953911?
1
What is the millions digit of 2638771760?
8
What is the ten millions digit of 331829053?
3
What is the millions digit of 132654280?
2
What is the millions digit of 2052242013?
2
What is the hundreds digit of 174326892?
8
What is the units digit of 402503004?
4
What is the tens digit of 18852850?
5
What is the ten millions digit of 3489456460?
8
What is the hundreds digit of 385157730?
7
What is the tens digit of 777794928?
2
What is the units digit of 626489746?
6
What is the hundred thousands digit of 147949029?
9
What is the units digit of 3050610369?
9
What is the units digit of 850998081?
1
What is the units digit of 131811482?
2
What is the hundred millions digit of 1076329753?
0
What is the hundred thousands digit of 654550175?
5
What is the tens digit of 78053898?
9
What is the hundred thousands digit of 31955466?
9
What is the thousands digit of 31150944?
0
What is the hundreds digit of 78019086?
0
What is the tens digit of 129644335?
3
What is the billions digit of 2343416591?
2
What is the units digit of 260053222?
2
What is the millions digit of 75926107?
5
What is the ten thousands digit of 308899?
0
What is the hundreds digit of 1882435426?
4
What is the tens digit of 213546245?
4
What is the hundred millions digit of 5042209950?
0
What is the hundreds digit of 5304267576?
5
What is the hundred thousands digit of 7677012044?
0
What is the hundred millions digit of 1596933591?
5
What is the hundred thousands digit of 18823624?
8
What is the millions digit of 45945578?
5
What is the hundred thousands digit of 46285875?
2
What is the hundreds digit of 162294949?
9
What is the millions digit of 105047586?
5
What is the hundreds digit of 11736157?
1
What is the hundred thousands digit of 282063071?
0
What is the hundred millions digit of 103017522?
1
What is the tens digit of 1298737470?
7
What is the hundred thousands digit of 359727790?
7
What is the hundreds digit of 821319102?
1
What is the ten millions digit of 63477064?
6
What is the hundreds digit of 176654682?
6
What is the hundreds digit of 224838954?
9
What is the hundred thousands digit of 83496291?
4
What is the ten thousands digit of 508452614?
5
What is the millions digit of 250309331?
0
What is the thousands digit of 624569826?
9
What is the ten millions digit of 63365183?
6
What is the units digit of 460494455?
5
What is the ten thousands digit of 275665357?
6
What is the thousands digit of 436776959?
6
What is the ten thousands digit of 67802714?
0
What is the hundreds digit of 72571636?
6
What is the ten thousands digit of 224560915?
6
What is the ten thousands digit of 6514895526?
9
What is the hundred thousands digit of 3534927381?
9
What is the hundreds digit of 8838920?
9
What is the thousands digit of 77552787?
2
What is the ten thousands digit of 157269960?
6
What is the tens digit of 763099215?
1
What is the tens digit of 95408355?
5
What is the tens digit of 290618944?
4
What is the hundred millions digit of 713043005?
7
What is the hundred thousands digit of 189907585?
9
What is the hundred millions digit of 597408554?
5
What is the units digit of 1266794?
4
What is the thousands digit of 4947044510?
4
What is the hundreds digit of 727060387?
3
What is the units digit of 35412953?
3
What is the units digit of 320190047?
7
What is the tens digit of 141418642?
4
What is the units digit of 227738160?
0
What is the hundreds digit of 154165790?
7
What is the billions digit of 1389405284?
1
What is the millions digit of 399490190?
9
What is the millions digit of 44360000?
4
What is the ten thousands digit of 158453315?
5
What is the hundreds digit of 157136275?
2
What is the tens digit of 369893756?
5
What is the millions digit of 1943595?
1
What is the ten millions digit of 23757712?
2
What is the millions digit of 1422387816?
2
What is the tens digit of 1166779216?
1
What is the units digit of 553473699?
9
What is the units digit of 64849264?
4
What is the hundred thousands digit of 1331687983?
6
What is the hundreds digit of 224839086?
0
What is the units digit of 660349307?
7
What is the ten thousands digit of 564577410?
7
What is the ten thousands digit of 68205178?
0
What is the tens digit of 230892818?
1
What is the ten thousands digit of 2762899?
6
What is the units digit of 8018404?
4
What is the millions digit of 920051117?
0
What is the hundreds digit of 151335197?
1
What is the millions digit of 34627713?
4
What is the hundred millions digit of 2472358930?
4
What is the hundred millions digit of 2042263941?
0
What is the hundreds digit of 6287764282?
2
What is the hundred thousands digit of 745636219?
6
What is the thousands digit of 14159151?
9
What is the ten millions digit of 219503720?
1
What is the ten thousands digit of 2936804670?
0
What is the thousands digit of 1542207377?
7
What is the hundred millions digit of 364798227?
3
What is the hundred millions digit of 4872375013?
8
What is the hundred thousands digit of 2620123553?
1
What is the ten thousands digit of 288320519?
2
What is the millions digit of 15258544?
5
What is the hundred thousands digit of 111323665?
3
What is the ten thousands digit of 41614831?
1
What is the ten millions digit of 510386702?
1
What is the hundred millions digit of 3491724557?
4
What is the hundred millions digit of 271409259?
2
What is the ten millions digit of 879259150?
7
What is the hundreds digit of 2322567397?
3
What is the units digit of 1817109290?
0
What is the thousands digit of 518610481?
0
What is the millions digit of 33500642?
3
What is the hundreds digit of 73977478?
4
What is the thousands digit of 247897034?
7
What is the hundred millions digit of 104971331?
1
What is the hundreds digit of 78528198?
1
What is the thousands digit of 2806547?
6
What is the millions digit of 73825829?
3
What is the tens digit of 869906689?
8
What is the hundreds digit of 2400333292?
2
What is the hundred thousands digit of 391944517?
9
What is the tens digit of 1309773401?
0
What is the hundreds digit of 4069318842?
8
What is the thousands digit of 34761956?
1
What is the ten thousands digit of 2441080250?
8
What is the ten millions digit of 300655729?
0
What is the hundreds digit of 484286643?
6
What is the hundreds digit of 693554972?
9
What is the millions digit of 251983504?
1
What is the ten thousands digit of 279311697?
1
What is the units digit of 2501184943?
3
What is the ten millions digit of 3996409993?
9
What is the millions digit of 9601914?
9
What is the units digit of 66860427?
7
What is the hundred thousands digit of 768534019?
5
What is the tens digit of 7334402?
0
What is the ten millions digit of 1722253893?
2
What is the millions digit of 218723618?
8
What is the billions digit of 2018771854?
2
What is the units digit of 31262644?
4
What is the hundred thousands digit of 1735237473?
2
What is the millions digit of 1165653563?
5
What is the thousands digit of 637764438?
4
What is the millions digit of 2015577027?
5
What is the hundreds digit of 35438411?
4
What is the ten thousands digit of 28560651?
6
What is the ten millions digit of 143614416?
4
What is the hundred thousands digit of 16579070?
5
What is the hundred millions digit of 1255982157?
2
What is the millions digit of 4532224349?
2
What is the millions digit of 2996124?
2
What is the ten millions digit of 185977382?
8
What is the hundred thousands digit of 10251291?
2
What is the ten thousands digit of 63747687?
4
What is the units digit of 1162668552?
2
What is the millions digit of 468989825?
8
What is the hundred millions digit of 5269442569?
2
What is the hundreds digit of 54010913?
9
What is the billions digit of 2895191107?
2
What is the thousands digit of 6796836566?
6
What is the hundreds digit of 35661649?
6
What is the thousands digit of 22664014?
4
What is the units digit of 943368672?
2
What is the hundreds digit of 75161138?
1
What is the units digit of 206705102?
2
W